[INFO] fetching crate trillium-websockets 0.5.2...
[INFO] checking trillium-websockets-0.5.2 against master#9610dfe5a9a731ced1ea4923ecbd0c57fe367898 for beta-170-4
[INFO] extracting crate trillium-websockets 0.5.2 into /workspace/builds/worker-2-tc1/source
[INFO] validating manifest of crates.io crate trillium-websockets 0.5.2 on toolchain 9610dfe5a9a731ced1ea4923ecbd0c57fe367898
[INFO] running `Command { std: CARGO_HOME="/workspace/cargo-home" RUSTUP_HOME="/workspace/rustup-home" "/workspace/cargo-home/bin/cargo" "+9610dfe5a9a731ced1ea4923ecbd0c57fe367898" "metadata" "--manifest-path" "Cargo.toml" "--no-deps", kill_on_drop: false }`
[INFO] started tweaking crates.io crate trillium-websockets 0.5.2
[INFO] finished tweaking crates.io crate trillium-websockets 0.5.2
[INFO] tweaked toml for crates.io crate trillium-websockets 0.5.2 written to /workspace/builds/worker-2-tc1/source/Cargo.toml
[INFO] crate crates.io crate trillium-websockets 0.5.2 already has a lockfile, it will not be regenerated
[INFO] running `Command { std: CARGO_HOME="/workspace/cargo-home" RUSTUP_HOME="/workspace/rustup-home" "/workspace/cargo-home/bin/cargo" "+9610dfe5a9a731ced1ea4923ecbd0c57fe367898" "fetch" "--manifest-path" "Cargo.toml", kill_on_drop: false }`
[INFO] [stderr]     Updating crates.io index
[INFO] [stderr]  Downloading crates ...
[INFO] [stderr]   Downloaded trillium v0.2.9
[INFO] [stderr]   Downloaded async-tungstenite v0.21.0
[INFO] [stderr]   Downloaded smartcow v0.2.1
[INFO] [stderr]   Downloaded tungstenite v0.19.0
[INFO] [stderr]   Downloaded waker-set v0.2.0
[INFO] [stderr]   Downloaded stopper v0.2.0
[INFO] [stderr]   Downloaded trillium-macros v0.0.4
[INFO] [stderr]   Downloaded broadcaster v1.0.0
[INFO] [stderr]   Downloaded trillium-http v0.3.0
[INFO] running `Command { std: "docker" "create" "-v" "/var/lib/crater-agent-workspace/builds/worker-2-tc1/target:/opt/rustwide/target:rw,Z" "-v" "/var/lib/crater-agent-workspace/builds/worker-2-tc1/source:/opt/rustwide/workdir:ro,Z" "-v" "/var/lib/crater-agent-workspace/cargo-home:/opt/rustwide/cargo-home:ro,Z" "-v" "/var/lib/crater-agent-workspace/rustup-home:/opt/rustwide/rustup-home:ro,Z" "-e" "SOURCE_DIR=/opt/rustwide/workdir" "-e" "CARGO_TARGET_DIR=/opt/rustwide/target" "-e" "CARGO_HOME=/opt/rustwide/cargo-home" "-e" "RUSTUP_HOME=/opt/rustwide/rustup-home" "-w" "/opt/rustwide/workdir" "-m" "1610612736" "--user" "0:0" "--network" "none" "ghcr.io/rust-lang/crates-build-env/linux@sha256:19e73879b68f455e41552ea35293514db52ea292d993f571636dbffedb77a1ee" "/opt/rustwide/cargo-home/bin/cargo" "+9610dfe5a9a731ced1ea4923ecbd0c57fe367898" "metadata" "--no-deps" "--format-version=1", kill_on_drop: false }`
[INFO] [stdout] 80e7124b1bb25b90bbc2aa5281ace0c2f922b958c8c957c7c1a6a5612c06b6f6
[INFO] running `Command { std: "docker" "start" "-a" "80e7124b1bb25b90bbc2aa5281ace0c2f922b958c8c957c7c1a6a5612c06b6f6", kill_on_drop: false }`
[INFO] running `Command { std: "docker" "inspect" "80e7124b1bb25b90bbc2aa5281ace0c2f922b958c8c957c7c1a6a5612c06b6f6", kill_on_drop: false }`
[INFO] running `Command { std: "docker" "rm" "-f" "80e7124b1bb25b90bbc2aa5281ace0c2f922b958c8c957c7c1a6a5612c06b6f6", kill_on_drop: false }`
[INFO] [stdout] 80e7124b1bb25b90bbc2aa5281ace0c2f922b958c8c957c7c1a6a5612c06b6f6
[INFO] running `Command { std: "docker" "create" "-v" "/var/lib/crater-agent-workspace/builds/worker-2-tc1/target:/opt/rustwide/target:rw,Z" "-v" "/var/lib/crater-agent-workspace/builds/worker-2-tc1/source:/opt/rustwide/workdir:ro,Z" "-v" "/var/lib/crater-agent-workspace/cargo-home:/opt/rustwide/cargo-home:ro,Z" "-v" "/var/lib/crater-agent-workspace/rustup-home:/opt/rustwide/rustup-home:ro,Z" "-e" "SOURCE_DIR=/opt/rustwide/workdir" "-e" "CARGO_TARGET_DIR=/opt/rustwide/target" "-e" "CARGO_INCREMENTAL=0" "-e" "RUST_BACKTRACE=full" "-e" "RUSTFLAGS=--cap-lints=forbid" "-e" "RUSTDOCFLAGS=--cap-lints=forbid" "-e" "CARGO_HOME=/opt/rustwide/cargo-home" "-e" "RUSTUP_HOME=/opt/rustwide/rustup-home" "-w" "/opt/rustwide/workdir" "-m" "1610612736" "--user" "0:0" "--network" "none" "ghcr.io/rust-lang/crates-build-env/linux@sha256:19e73879b68f455e41552ea35293514db52ea292d993f571636dbffedb77a1ee" "/opt/rustwide/cargo-home/bin/cargo" "+9610dfe5a9a731ced1ea4923ecbd0c57fe367898" "check" "--frozen" "--all" "--all-targets" "--message-format=json", kill_on_drop: false }`
[INFO] [stdout] 3bf8c22dceaffbf177c360675787ca7f22b5c2756877fc7488c56e4532816089
[INFO] running `Command { std: "docker" "start" "-a" "3bf8c22dceaffbf177c360675787ca7f22b5c2756877fc7488c56e4532816089", kill_on_drop: false }`
[INFO] [stderr]    Compiling proc-macro2 v1.0.56
[INFO] [stderr]    Compiling quote v1.0.26
[INFO] [stderr]    Compiling libc v0.2.141
[INFO] [stderr]    Compiling futures-core v0.3.28
[INFO] [stderr]    Compiling crossbeam-utils v0.8.15
[INFO] [stderr]    Compiling typenum v1.16.0
[INFO] [stderr]     Checking futures-io v0.3.28
[INFO] [stderr]     Checking fastrand v1.9.0
[INFO] [stderr]     Checking waker-fn v1.1.0
[INFO] [stderr]    Compiling generic-array v0.14.7
[INFO] [stderr]    Compiling syn v1.0.109
[INFO] [stderr]     Checking parking v2.1.0
[INFO] [stderr]    Compiling thiserror v1.0.40
[INFO] [stderr]    Compiling httparse v1.8.0
[INFO] [stderr]     Checking tinyvec_macros v0.1.1
[INFO] [stderr]    Compiling smartstring v1.0.1
[INFO] [stderr]     Checking tinyvec v1.6.0
[INFO] [stderr]    Compiling ahash v0.8.3
[INFO] [stderr]    Compiling futures-task v0.3.28
[INFO] [stderr]    Compiling io-lifetimes v1.0.10
[INFO] [stderr]     Checking once_cell v1.17.1
[INFO] [stderr]     Checking unicode-bidi v0.3.13
[INFO] [stderr]     Checking percent-encoding v2.2.0
[INFO] [stderr]     Checking cpufeatures v0.2.6
[INFO] [stderr]     Checking futures-sink v0.3.28
[INFO] [stderr]    Compiling futures-util v0.3.28
[INFO] [stderr]     Checking futures-lite v1.13.0
[INFO] [stderr]     Checking event-listener v2.5.3
[INFO] [stderr]     Checking static_assertions v1.1.0
[INFO] [stderr]     Checking form_urlencoded v1.1.0
[INFO] [stderr]    Compiling polling v2.7.0
[INFO] [stderr]     Checking fnv v1.0.7
[INFO] [stderr]    Compiling rustix v0.37.11
[INFO] [stderr]    Compiling async-trait v0.1.68
[INFO] [stderr]     Checking http v0.2.9
[INFO] [stderr]     Checking async-lock v2.7.0
[INFO] [stderr]     Checking encoding_rs v0.8.32
[INFO] [stderr]     Checking hashbrown v0.13.2
[INFO] [stderr]    Compiling async-io v1.13.0
[INFO] [stderr]     Checking concurrent-queue v2.2.0
[INFO] [stderr]     Checking waker-set v0.2.0
[INFO] [stderr]     Checking smartcow v0.2.1
[INFO] [stderr]     Checking utf-8 v0.7.6
[INFO] [stderr]     Checking byteorder v1.4.3
[INFO] [stderr]     Checking linux-raw-sys v0.3.1
[INFO] [stderr]     Checking memmem v0.1.1
[INFO] [stderr]    Compiling futures-channel v0.3.28
[INFO] [stderr]     Checking data-encoding v2.3.3
[INFO] [stderr]    Compiling serde_derive v1.0.159
[INFO] [stderr]     Checking unicode-normalization v0.1.22
[INFO] [stderr]     Checking httpdate v1.0.2
[INFO] [stderr]     Checking mime v0.3.17
[INFO] [stderr]    Compiling syn v2.0.13
[INFO] [stderr]     Checking lock_api v0.3.4
[INFO] [stderr]     Checking async-channel v1.8.0
[INFO] [stderr]    Compiling async-net v1.7.0
[INFO] [stderr]     Checking atomic-waker v1.1.1
[INFO] [stderr]     Checking async-task v4.4.0
[INFO] [stderr]    Compiling serde v1.0.159
[INFO] [stderr]     Checking base64 v0.21.0
[INFO] [stderr]     Checking getrandom v0.2.9
[INFO] [stderr]     Checking socket2 v0.4.9
[INFO] [stderr]     Checking parking_lot_core v0.7.3
[INFO] [stderr]     Checking blocking v1.3.1
[INFO] [stderr]     Checking rand_core v0.6.4
[INFO] [stderr]     Checking parking_lot v0.10.2
[INFO] [stderr]     Checking rand_chacha v0.3.1
[INFO] [stderr]     Checking rand v0.8.5
[INFO] [stderr]     Checking idna v0.3.0
[INFO] [stderr]     Checking block-buffer v0.10.4
[INFO] [stderr]     Checking crypto-common v0.1.6
[INFO] [stderr]     Checking url v2.3.1
[INFO] [stderr]     Checking digest v0.10.6
[INFO] [stderr]     Checking sha1 v0.10.5
[INFO] [stderr]     Checking sha-1 v0.10.1
[INFO] [stderr]    Compiling pin-project-internal v1.0.12
[INFO] [stderr]    Compiling thiserror-impl v1.0.40
[INFO] [stderr]    Compiling futures-macro v0.3.28
[INFO] [stderr]    Compiling trillium-macros v0.0.4
[INFO] [stderr]     Checking pin-project v1.0.12
[INFO] [stderr]     Checking stopper v0.2.0
[INFO] [stderr]     Checking tungstenite v0.19.0
[INFO] [stderr]     Checking trillium-http v0.3.0
[INFO] [stderr]     Checking trillium v0.2.9
[INFO] [stderr]     Checking async-tungstenite v0.21.0
[INFO] [stderr]     Checking broadcaster v1.0.0
[INFO] [stderr]     Checking trillium-websockets v0.5.2 (/opt/rustwide/workdir)
[INFO] [stdout] error[E0433]: failed to resolve: use of undeclared crate or module `trillium_testing`
[INFO] [stdout]  --> src/tests.rs:2:5
[INFO] [stdout]   |
[INFO] [stdout] 2 | use trillium_testing::prelude::*;
[INFO] [stdout]   |     ^^^^^^^^^^^^^^^^ use of undeclared crate or module `trillium_testing`
[INFO] [stdout] 
[INFO] [stdout] 
[INFO] [stdout] error[E0432]: unresolved import `trillium_websockets::JsonWebSocketHandler`
[INFO] [stdout]  --> tests/json.rs:8:27
[INFO] [stdout]   |
[INFO] [stdout] 8 | use trillium_websockets::{JsonWebSocketHandler, Message, WebSocket, WebSocketConn};
[INFO] [stdout]   |                           ^^^^^^^^^^^^^^^^^^^^
[INFO] [stdout]   |                           |
[INFO] [stdout]   |                           no `JsonWebSocketHandler` in the root
[INFO] [stdout]   |                           help: a similar name exists in the module: `WebSocketHandler`
[INFO] [stdout] 
[INFO] [stdout] 
[INFO] [stdout] error[E0433]: failed to resolve: use of undeclared crate or module `trillium_smol`
[INFO] [stdout]   --> examples/websockets.rs:12:5
[INFO] [stdout]    |
[INFO] [stdout] 12 |     trillium_smol::run(websocket(websocket_handler));
[INFO] [stdout]    |     ^^^^^^^^^^^^^ use of undeclared crate or module `trillium_smol`
[INFO] [stdout]    |
[INFO] [stdout] help: there is a crate or module with a similar name
[INFO] [stdout]    |
[INFO] [stdout] 12 |     trillium_http::run(websocket(websocket_handler));
[INFO] [stdout]    |     ~~~~~~~~~~~~~
[INFO] [stdout] 
[INFO] [stdout] 
[INFO] [stdout] error[E0432]: unresolved imports `trillium_websockets::json_websocket`, `trillium_websockets::JsonWebSocketHandler`
[INFO] [stdout]  --> examples/json_websocket.rs:4:27
[INFO] [stdout]   |
[INFO] [stdout] 4 | use trillium_websockets::{json_websocket, JsonWebSocketHandler, WebSocketConn};
[INFO] [stdout]   |                           ^^^^^^^^^^^^^^  ^^^^^^^^^^^^^^^^^^^^
[INFO] [stdout]   |                           |               |
[INFO] [stdout]   |                           |               no `JsonWebSocketHandler` in the root
[INFO] [stdout]   |                           |               help: a similar name exists in the module: `WebSocketHandler`
[INFO] [stdout]   |                           no `json_websocket` in the root
[INFO] [stdout] 
[INFO] [stdout] 
[INFO] [stdout] error: aborting due to previous error
[INFO] [stdout] 
[INFO] [stdout] 
[INFO] [stdout] For more information about this error, try `rustc --explain E0433`.
[INFO] [stdout] 
[INFO] [stdout] error[E0433]: failed to resolve: use of undeclared crate or module `serde_json`
[INFO] [stdout]   --> tests/json.rs:59:29
[INFO] [stdout]    |
[INFO] [stdout] 59 |         .send(Message::text(serde_json::to_string(&message)?))
[INFO] [stdout]    |                             ^^^^^^^^^^ use of undeclared crate or module `serde_json`
[INFO] [stdout] 
[INFO] [stdout] 
[INFO] [stdout] error[E0433]: failed to resolve: use of undeclared crate or module `serde_json`
[INFO] [stdout]   --> tests/json.rs:62:8
[INFO] [stdout]    |
[INFO] [stdout] 62 |     Ok(serde_json::from_str(
[INFO] [stdout]    |        ^^^^^^^^^^ use of undeclared crate or module `serde_json`
[INFO] [stdout] 
[INFO] [stdout] 
[INFO] [stdout] error[E0433]: failed to resolve: use of undeclared crate or module `trillium_testing`
[INFO] [stdout]   --> tests/json.rs:69:5
[INFO] [stdout]    |
[INFO] [stdout] 69 |     trillium_testing::with_transport(
[INFO] [stdout]    |     ^^^^^^^^^^^^^^^^ use of undeclared crate or module `trillium_testing`
[INFO] [stdout] 
[INFO] [stdout] 
[INFO] [stdout] error: aborting due to 4 previous errors
[INFO] [stdout] 
[INFO] [stdout] 
[INFO] [stdout] Some errors have detailed explanations: E0432, E0433.
[INFO] [stdout] 
[INFO] [stdout] For more information about an error, try `rustc --explain E0432`.
[INFO] [stdout] 
[INFO] [stdout] error[E0433]: failed to resolve: use of undeclared crate or module `trillium_smol`
[INFO] [stdout]   --> examples/json_websocket.rs:45:5
[INFO] [stdout]    |
[INFO] [stdout] 45 |     trillium_smol::run(json_websocket(SomeJsonChannel));
[INFO] [stdout]    |     ^^^^^^^^^^^^^ use of undeclared crate or module `trillium_smol`
[INFO] [stdout]    |
[INFO] [stdout] help: there is a crate or module with a similar name
[INFO] [stdout]    |
[INFO] [stdout] 45 |     trillium_http::run(json_websocket(SomeJsonChannel));
[INFO] [stdout]    |     ~~~~~~~~~~~~~
[INFO] [stdout] 
[INFO] [stdout] 
[INFO] [stderr] error: could not compile `trillium-websockets` (example "websockets") due to 2 previous errors
[INFO] [stdout] error: aborting due to 2 previous errors
[INFO] [stdout] 
[INFO] [stdout] 
[INFO] [stderr] warning: build failed, waiting for other jobs to finish...
[INFO] [stdout] Some errors have detailed explanations: E0432, E0433.
[INFO] [stdout] 
[INFO] [stderr] error: could not compile `trillium-websockets` (test "json") due to 5 previous errors
[INFO] [stdout] For more information about an error, try `rustc --explain E0432`.
[INFO] [stdout] 
[INFO] [stdout] error[E0433]: failed to resolve: use of undeclared crate or module `trillium_smol`
[INFO] [stdout]   --> examples/json_broadcast_websocket.rs:32:5
[INFO] [stdout]    |
[INFO] [stdout] 32 |     trillium_smol::run(WebSocket::new(EchoServer::new()));
[INFO] [stdout]    |     ^^^^^^^^^^^^^ use of undeclared crate or module `trillium_smol`
[INFO] [stdout]    |
[INFO] [stdout] help: there is a crate or module with a similar name
[INFO] [stdout]    |
[INFO] [stdout] 32 |     trillium_http::run(WebSocket::new(EchoServer::new()));
[INFO] [stdout]    |     ~~~~~~~~~~~~~
[INFO] [stdout] 
[INFO] [stdout] 
[INFO] [stdout] error: aborting due to previous error
[INFO] [stdout] 
[INFO] [stdout] 
[INFO] [stderr] error: could not compile `trillium-websockets` (example "json_websocket") due to 3 previous errors
[INFO] [stdout] For more information about this error, try `rustc --explain E0433`.
[INFO] [stdout] 
[INFO] [stderr] error: could not compile `trillium-websockets` (example "json_broadcast_websocket") due to 2 previous errors
[INFO] [stdout] error[E0433]: failed to resolve: use of undeclared crate or module `trillium_testing`
[INFO] [stdout]    --> tests/test.rs:136:5
[INFO] [stdout]     |
[INFO] [stdout] 136 |     trillium_testing::with_transport(handler, |transport| async move {
[INFO] [stdout]     |     ^^^^^^^^^^^^^^^^ use of undeclared crate or module `trillium_testing`
[INFO] [stdout] 
[INFO] [stdout] 
[INFO] [stdout] error: aborting due to previous error
[INFO] [stdout] 
[INFO] [stdout] 
[INFO] [stdout] For more information about this error, try `rustc --explain E0433`.
[INFO] [stdout] 
[INFO] [stderr] error: could not compile `trillium-websockets` (test "test") due to 2 previous errors
[INFO] [stdout] error[E0425]: cannot find function `get` in this scope
[INFO] [stdout]  --> src/tests.rs:6:20
[INFO] [stdout]   |
[INFO] [stdout] 6 |     let mut conn = get("/").on(&()).into();
[INFO] [stdout]   |                    ^^^ not found in this scope
[INFO] [stdout]   |
[INFO] [stdout] help: use the `.` operator to call the method `get` on `&str`
[INFO] [stdout]   |
[INFO] [stdout] 6 -     let mut conn = get("/").on(&()).into();
[INFO] [stdout] 6 +     let mut conn = "/".get().on(&()).into();
[INFO] [stdout]   |
[INFO] [stdout] 
[INFO] [stdout] 
[INFO] [stdout] error: aborting due to 2 previous errors
[INFO] [stdout] 
[INFO] [stdout] 
[INFO] [stdout] Some errors have detailed explanations: E0425, E0433.
[INFO] [stdout] 
[INFO] [stdout] For more information about an error, try `rustc --explain E0425`.
[INFO] [stdout] 
[INFO] [stderr] error: could not compile `trillium-websockets` (lib test) due to 3 previous errors
[INFO] running `Command { std: "docker" "inspect" "3bf8c22dceaffbf177c360675787ca7f22b5c2756877fc7488c56e4532816089", kill_on_drop: false }`
[INFO] running `Command { std: "docker" "rm" "-f" "3bf8c22dceaffbf177c360675787ca7f22b5c2756877fc7488c56e4532816089", kill_on_drop: false }`
[INFO] [stdout] 3bf8c22dceaffbf177c360675787ca7f22b5c2756877fc7488c56e4532816089
